-9*j. List the prime factors of j.
2, 5081
Suppose -5*w = -0*z - 5*z + 635, 4*z = 3*w + 507. Let x(d) = -4*d. Let f be x(-1). Suppose -u = -f*u + z. List the prime factors of u.
2, 3, 7
Suppose y - 12 = -2*y. Suppose -5*p + 3*q - 79 = -446, -y*p - 3*q + 272 = 0. What are the prime factors of p?
71
Let k(m) be the third derivative of -10*m**4 + 2*m**3/3 + 4*m**2 + 11*m. List the prime factors of k(-2).
2, 11
Let x(d) = -d**2 + 9*d + 26. Let v be x(12). Let q be (184/v - (-10)/25) + 3. Let s = q + 130. List the prime factors of s.
5, 23
What are the prime factors of 10802 + -16 - -9 - 0/(-1)?
5, 17, 127
Suppose 3 = 2*y + 1, -2*t = 2*y - 176. Suppose m - t = 391. List the prime factors of m.
2, 239
Suppose -2*m + 32 + 24 = 0. Let h = 35 - m. Suppose 0 = -h*o + 3*o + 292. What are the prime factors of o?
73
Suppose q = -4*f + 701, 5*q - f = -3*f + 3415. Let n = q - 584. What are the prime factors of n?
97
Let w(y) = -20 + 12*y + 445 - 295*y + 148*y. What are the prime factors of w(-8)?
5, 7, 43
Suppose -39*x - 407830 + 1214662 = 0. What are the prime factors of x?
2, 3, 431
Let a be -3*1 + 15 + -259. Let o = -124 - a. Suppose -o = -3*b + 36. What are the prime factors of b?
53
Let a = 5071 + -4061. What are the prime factors of a?
2, 5, 101
Let i = -137 + 162. Suppose -i*n + 80 = -21*n. Let x = n + 57. List the prime factors of x.
7, 11
Let k(o) = -3*o**2 + 9*o - 11. Let i be k(5). Let y = 55 - i. List the prime factors of y.
2, 3
Let x be 1 + 64 + (-4)/(-2). Let t(w) = -2*w**2 - 36*w - 26. Let u be t(-15). Suppose -x*g + 663 = -u*g. What are the prime factors of g?
13, 17
Let q(t) = 17464*t**2 + 2*t. What are the prime factors of q(1)?
2, 3, 41, 71
Let c(s) be the second derivative of s**5/20 + 7*s**4/6 + 5*s**3/2 + 20*s**2 - 2*s + 128. List the prime factors of c(-10).
2, 5, 29
Let l = -339 + 401. Let a = 111 - l. List the prime factors of a.
7
Let g(z) = 629*z**3 + 2*z**2 + 189*z - 837. List the prime factors of g(4).
31, 1297
Let z(g) = -g**2 + 8*g - 10. Let i be z(5). Suppose -3*t - 3*n = -681, -8*t + i*t + 709 = -4*n. List the prime factors of t.
3, 7, 11
Let g = 536 + 9930. What are the prime factors of g?
2, 5233
Let z = 24920 + -42568. List the prime factors of -4 - z/24 - 1/3.
17, 43
List the prime factors of ((-22)/77)/((-2)/(-116214)*-3).
2, 2767
Let m(g) = g**2 - 48*g + 847. What are the prime factors of m(83)?
2, 7, 67
Let j(w) = 13*w**2 + 5068*w - 5103*w + w**3 + 2*w**2 - 21. List the prime factors of j(-16).
283
Let k(b) = -b + 15. Let z be k(0). Suppose -17*n + 36 = -z*n. Suppose -n = -w + 25. What are the prime factors of w?
43
Let r(t) = t**2 + 13*t + 23. Suppose 2*v + 34 = -5*z, -2*z = -v - z - 10. Let a be ((-75)/v)/5*-12. List the prime factors of r(a).
53
Let y(c) = 19 - 11*c - c**2 + 0*c**2 - 24 + 11. Let x be y(-11). Suppose x*s + 323 = 3*f + s, s = -5*f + 557. What are the prime factors of f?
3, 37
Suppose 0 = 3*p - 0*p - 1128. Suppose 3*s = 2*a - 348, 2*a + 4*s - p = -0*a. Let u = a + -90. List the prime factors of u.
2, 3, 5
Suppose 2*i + 259 = 23. Let r = i - -112. What are the prime factors of 1 + (r/(-4))/(12/1216)?
3, 17
Let b(w) = w**3 - 27*w**2 - 28*w - 7. Let x be b(28). List the prime factors of -341*(-1 - -22)/x.
3, 11, 31
Let a = 22 - 15. Suppose -554 + 4446 = a*m. Suppose 518 + m = 6*h. List the prime factors of h.
179
Let t(h) = h. Let k be t(2). Let j(s) = -29*s + 2 + 25*s - s**3 - 5*s**k - 1 + 6. List the prime factors of j(-6).
67
Let k = -16813 - -24953. What are the prime factors of k?
2, 5, 11, 37
What are the prime factors of ((-18164)/(-16) - 6)/(7*(-7)/(-196))?
4517
Suppose 18 - 17 = -j. Let u be j*((-4)/(-10) + (-7854)/10). Suppose 0 = -5*x - 3*m + u, -3*x + 4*x - 4*m = 157. What are the prime factors of x?
157
Suppose 5*l + 5 = 0, m + 4*l - 10491 = 17704. List the prime factors of m.
163, 173
Let m be 8 + 1512/(-6) - 1*3. Let c = m - -425. List the prime factors of c.
2, 89
Let m(v) = -v + 16. Let n be m(8). Let u be -8 + n*(-3)/(-6). Let w(t) = -3*t**3 - 4*t**2 + 5*t + 3. List the prime factors of w(u).
3, 37
What are the prime factors of ((-478669)/(-51) - -7) + 2 + 10/(-6)?
3, 31, 101
Suppose -2*t + v = -10 + 1, t - 3*v - 7 = 0. Suppose 41 = -t*l + 1685. List the prime factors of l.
3, 137
Suppose -26 = 4*t - 82. Let g = -920 + 924. Suppose -5*b = -g*x + 21, -4*x - 2*b + t + 0 = 0. List the prime factors of x.
2
Let c(s) = 2*s + 8. Let v be c(2). Let a be -1 - ((-8)/v - 10/3). Suppose a*b - 2*b - 51 = 0. What are the prime factors of b?
3, 17
Suppose 5*h = -0*h + 4*l + 60, 2*h = l + 21. Suppose -h = 4*s, -s = 6*g - 11*g + 1637. What are the prime factors of g?
3, 109
Suppose -127*o + 125*o + 27048 = 4*a, -4*o = 16. What are the prime factors of a?
2, 19, 89
List the prime factors of 11516 - ((-2)/4)/((-3)/(-54)).
5, 461
Let a(q) = -q**3 + 46*q**2 - 107*q + 77. Suppose 0 = -3*p - 15 + 144. What are the prime factors of a(p)?
3, 11, 31
Let r = 65 - 19. Suppose -r*t = -50*t + 1144. What are the prime factors of t?
2, 11, 13
Suppose 47040 = 4*b - 5*h - 8145, 5*b - 68997 = h. List the prime factors of b.
2, 3, 5, 23
Suppose -10*g = -0*g + 7779 - 34899. What are the prime factors of g?
2, 3, 113
Let s = -7 + -21. What are the prime factors of -56*(2160/s)/9?
2, 3, 5
Let i(q) be the second derivative of 13*q**3/2 - 71*q**2/2 + 40*q. Let k be i(16). Let y = -326 + k. What are the prime factors of y?
227
Let v(i) = -27*i + 107. Let p be v(20). What are the prime factors of p/(-3)*(29 - 23)?
2, 433
Let z be ((-16)/(-9) - 2) + (-34)/(-153). Suppose 3*l - f - 11 = 0, f + 4*f = 2*l - 16. Suppose 4*x - l*x - 61 = z. What are the prime factors of x?
61
Let r(g) = -16*g + 19. Let y(l) = -48*l + 56. Let n(b) = 11*r(b) - 4*y(b). Let q be n(5). Let d = 22 + q. List the prime factors of d.
3, 29
What are the prime factors of 5400/1050*7*407?
2, 3, 11, 37
Suppose -1347412 - 681088 = -125*h. What are the prime factors of h?
2, 4057
Let k(a) = 3*a + 3*a**2 + 55*a**2 + 1 - 2*a - 3. Let x = -62 + 63. What are the prime factors of k(x)?
3, 19
Let a(b) be the second derivative of 29*b**3/6 - 19*b**2 + b. Let x(h) = h + 2. Let f be x(4). List the prime factors of a(f).
2, 17
Suppose 18 - 24 = -2*t. Suppose 6*x - 2*c + 292 = x, t*c + 287 = -5*x. List the prime factors of x/(-18) + (-8)/36.
3
Suppose 5 = 5*v - 3*d, 30 = -3*v + 8*v + 2*d. Suppose v = -3*n + 16. Suppose 354 = n*t + 110. What are the prime factors of t?
61
Let u = 9417 + -6203. Let f = -2079 + u. What are the prime factors of f?
5, 227
Let w = -18808 + 32429. List the prime factors of w.
53, 257
What are the prime factors of ((-16)/4 - -8) + 4*1012?
2, 1013
What are the prime factors of ((-3159)/(-36) + -16)*268?
7, 41, 67
Let q be ((0 + 0)*15/(-45))/2. Suppose -2*a - 4 = q, -15*s - 3*a + 5118 = -11*s. What are the prime factors of s?
3, 7, 61
Let x = -511 - -977. Let i be 42/70 + 7/5. Suppose -i*j = -0*j - x. What are the prime factors of j?
233
Suppose 4*h - 83606 = 2*f, -17*f - 41809 = -2*h - 18*f. What are the prime factors of h?
20903
Suppose -3*s + 142322 = 2*o, -3*s - 41310 = -2*o + 101048. What are the prime factors of o?
2, 5, 11, 647
Suppose 867 = h + 337. Suppose d = -4*d + h. List the prime factors of (-7 - -1)/(1/(d/(-4))).
3, 53
Let u(h) = -229*h + 1518. List the prime factors of u(-73).
5, 7, 521
Suppose 0 = 5*u - 3*m + 62, 5*m + 54 = -5*u + 6*m. List the prime factors of 70 - (u - 2)/(-6).
2, 17
Suppose -l - 98 = 4*f, 5*l - 7*f = -12*f - 490. Let n = 658 - l. What are the prime factors of n?
2, 3, 7
What are the prime factors of (-99)/(-330) + (3 - (-289135)/50)?
2, 11, 263
Let i(v) = 4*v + 66. Let x be i(0). Suppose -808 = -2*q + x. Suppose -s = -1, -5*s + q = 5*w - 3*s. What are the prime factors of w?
3, 29
Let i be 10/20*1*14. What are the prime factors of i/14 - (-2649)/6?
2, 13, 17
Suppose -6*m + 2737 = 11*m. Suppose -165*q = -m*q - 1672. What are the prime factors of q?
2, 11, 19
Let o(j) = 40*j**2 - 49*j + 470. What are the prime factors of o(11)?
13, 367
List the prime factors of 3754/(10/20 + 0).
2, 1877
List the prime factors of (180/(-8))/(473/158 + -3).
3, 5, 79
Let w(p) = 4*p**3 - 10*p**2 + 7*p + 12. Let i be w(8). Suppose 0 = 8*a - 476 - i. What are the prime factors of a?
2, 61
Let d(g) = 926*g - 12896. What are the prime f